{"id":2224,"date":"2024-06-24T15:06:48","date_gmt":"2024-06-24T14:06:48","guid":{"rendered":"https:\/\/kartyesim.pl\/?post_type=product&#038;p=2224"},"modified":"2024-07-01T15:02:45","modified_gmt":"2024-07-01T14:02:45","slug":"swiat-plan-globalny-140-obszarow","status":"publish","type":"product","link":"https:\/\/kartyesim.pl\/?product=swiat-plan-globalny-140-obszarow","title":{"rendered":"\u015awiat  \/ Plan Globalny (140+ obszar\u00f3w)"},"content":{"rendered":"<p>eSIM z pakietem internetowym, bez mo\u017cliwo\u015bci odbierania SMS-\u00f3w ani wykonywania po\u0142\u0105cze\u0144 telefonicznych. Nale\u017cy wykorzysta\u0107 eSIM w ci\u0105gu 30 dni od zakupu. Speeds of 4G\/5G. Can not be transferred. Product of AIS<\/p>\n<p><meta charset=\"utf-8\"><span>Austria \uf8ff\u00fc\u00e1\u00b6\uf8ff\u00fc\u00e1\u03c0, Belgium \uf8ff\u00fc\u00e1\u00df\uf8ff\u00fc\u00e1\u2122, Bulgaria \uf8ff\u00fc\u00e1\u00df\uf8ff\u00fc\u00e1\u00a8, Croatia \uf8ff\u00fc\u00e1\u2260\uf8ff\u00fc\u00e1\u2211, Cyprus \uf8ff\u00fc\u00e1\u00ae\uf8ff\u00fc\u00e1\u00e6, Czech Republic \uf8ff\u00fc\u00e1\u00ae\uf8ff\u00fc\u00e1\u00f8, Denmark \uf8ff\u00fc\u00e1\u00a9\uf8ff\u00fc\u00e1\u221e, Estonia \uf8ff\u00fc\u00e1\u2122\uf8ff\u00fc\u00e1\u2122, Finland \uf8ff\u00fc\u00e1\u00b4\uf8ff\u00fc\u00e1\u00c6, France \uf8ff\u00fc\u00e1\u00b4\uf8ff\u00fc\u00e1\u2211, Germany \uf8ff\u00fc\u00e1\u00a9\uf8ff\u00fc\u00e1\u2122, Greece \uf8ff\u00fc\u00e1\u00a8\uf8ff\u00fc\u00e1\u2211, Hong Kong \uf8ff\u00fc\u00e1\u2260\uf8ff\u00fc\u00e1\u221e, Hungary \uf8ff\u00fc\u00e1\u2260\uf8ff\u00fc\u00e1\u222b, Iceland \uf8ff\u00fc\u00e1\u00c6\uf8ff\u00fc\u00e1\u220f, Ireland \uf8ff\u00fc\u00e1\u00c6\uf8ff\u00fc\u00e1\u2122, Israel \uf8ff\u00fc\u00e1\u00c6\uf8ff\u00fc\u00e1\u00b1, Italy \uf8ff\u00fc\u00e1\u00c6\uf8ff\u00fc\u00e1\u03c0, Latvia \uf8ff\u00fc\u00e1\u00b1\uf8ff\u00fc\u00e1\u00aa, Lithuania \uf8ff\u00fc\u00e1\u00b1\uf8ff\u00fc\u00e1\u03c0, Luxembourg \uf8ff\u00fc\u00e1\u00b1\uf8ff\u00fc\u00e1\u222b, Malta \uf8ff\u00fc\u00e1\u2264\uf8ff\u00fc\u00e1\u03c0, Netherlands \uf8ff\u00fc\u00e1\u2265\uf8ff\u00fc\u00e1\u00b1, Poland \uf8ff\u00fc\u00e1\u00b5\uf8ff\u00fc\u00e1\u00b1, Portugal \uf8ff\u00fc\u00e1\u00b5\uf8ff\u00fc\u00e1\u03c0, Romania \uf8ff\u00fc\u00e1\u2211\uf8ff\u00fc\u00e1\u00a5, Slovakia \uf8ff\u00fc\u00e1\u220f\uf8ff\u00fc\u00e1\u221e, Slovenia \uf8ff\u00fc\u00e1\u220f\uf8ff\u00fc\u00e1\u00c6, Spain \uf8ff\u00fc\u00e1\u2122\uf8ff\u00fc\u00e1\u220f, Sri Lanka \uf8ff\u00fc\u00e1\u00b1\uf8ff\u00fc\u00e1\u221e, Sweden \uf8ff\u00fc\u00e1\u220f\uf8ff\u00fc\u00e1\u2122, Switzerland \uf8ff\u00fc\u00e1\u00ae\uf8ff\u00fc\u00e1\u2260, Turkey \uf8ff\u00fc\u00e1\u03c0\uf8ff\u00fc\u00e1\u2211, Ukraine \uf8ff\u00fc\u00e1\u222b\uf8ff\u00fc\u00e1\u00b6, United Kingdom \uf8ff\u00fc\u00e1\u00a8\uf8ff\u00fc\u00e1\u00df, Vietnam \uf8ff\u00fc\u00e1\u00aa\uf8ff\u00fc\u00e1\u2265, Aaland Islands \uf8ff\u00fc\u00e1\u00b6\uf8ff\u00fc\u00e1\u03a9, Indonesia \uf8ff\u00fc\u00e1\u00c6\uf8ff\u00fc\u00e1\u00a9, Macao \uf8ff\u00fc\u00e1\u2264\uf8ff\u00fc\u00e1\u00a5, United States \uf8ff\u00fc\u00e1\u222b\uf8ff\u00fc\u00e1\u220f, Isle of Man \uf8ff\u00fc\u00e1\u00c6\uf8ff\u00fc\u00e1\u2264, New Zealand \uf8ff\u00fc\u00e1\u2265\uf8ff\u00fc\u00e1\u00f8, Singapore \uf8ff\u00fc\u00e1\u220f\uf8ff\u00fc\u00e1\u00a8, Taiwan \uf8ff\u00fc\u00e1\u03c0\uf8ff\u00fc\u00e1\u00ba, Jersey \uf8ff\u00fc\u00e1\u00d8\uf8ff\u00fc\u00e1\u2122, Russian Federation \uf8ff\u00fc\u00e1\u2211\uf8ff\u00fc\u00e1\u222b, Australia \uf8ff\u00fc\u00e1\u00b6\uf8ff\u00fc\u00e1\u222b, Bangladesh \uf8ff\u00fc\u00e1\u00df\uf8ff\u00fc\u00e1\u00a9, Canada \uf8ff\u00fc\u00e1\u00ae\uf8ff\u00fc\u00e1\u00b6, China \uf8ff\u00fc\u00e1\u00ae\uf8ff\u00fc\u00e1\u2265, Guernsey \uf8ff\u00fc\u00e1\u00a8\uf8ff\u00fc\u00e1\u00a8, Jordan \uf8ff\u00fc\u00e1\u00d8\uf8ff\u00fc\u00e1\u00a5, Kazakhstan \uf8ff\u00fc\u00e1\u221e\uf8ff\u00fc\u00e1\u00f8, Korea \uf8ff\u00fc\u00e1\u221e\uf8ff\u00fc\u00e1\u2211, Kuwait \uf8ff\u00fc\u00e1\u221e\uf8ff\u00fc\u00e1\u00ba, Kyrgyzstan \uf8ff\u00fc\u00e1\u221e\uf8ff\u00fc\u00e1\u00a8, Liechtenstein \uf8ff\u00fc\u00e1\u00b1\uf8ff\u00fc\u00e1\u00c6, Macedonia \uf8ff\u00fc\u00e1\u2264\uf8ff\u00fc\u00e1\u221e, Malaysia \uf8ff\u00fc\u00e1\u2264\uf8ff\u00fc\u00e1\u00e6, Mexico \uf8ff\u00fc\u00e1\u2264\uf8ff\u00fc\u00e1\u03a9, Norway \uf8ff\u00fc\u00e1\u2265\uf8ff\u00fc\u00e1\u00a5, Oman \uf8ff\u00fc\u00e1\u00a5\uf8ff\u00fc\u00e1\u2264, Pakistan \uf8ff\u00fc\u00e1\u00b5\uf8ff\u00fc\u00e1\u221e, Qatar \uf8ff\u00fc\u00e1\u2202\uf8ff\u00fc\u00e1\u00b6, Reunion \uf8ff\u00fc\u00e1\u2211\uf8ff\u00fc\u00e1\u2122, Saudi Arabia \uf8ff\u00fc\u00e1\u220f\uf8ff\u00fc\u00e1\u00b6, Serbia \uf8ff\u00fc\u00e1\u2211\uf8ff\u00fc\u00e1\u220f, Thailand \uf8ff\u00fc\u00e1\u03c0\uf8ff\u00fc\u00e1\u2260, Uzbekistan \uf8ff\u00fc\u00e1\u222b\uf8ff\u00fc\u00e1\u00f8, Gibraltar \uf8ff\u00fc\u00e1\u00a8\uf8ff\u00fc\u00e1\u00c6, Armenia \uf8ff\u00fc\u00e1\u00b6\uf8ff\u00fc\u00e1\u2264, Madagascar \uf8ff\u00fc\u00e1\u2264\uf8ff\u00fc\u00e1\u00a8, Malawi \uf8ff\u00fc\u00e1\u2264\uf8ff\u00fc\u00e1\u00ba, United Arab Emirates \uf8ff\u00fc\u00e1\u00b6\uf8ff\u00fc\u00e1\u2122, Argentina \uf8ff\u00fc\u00e1\u00b6\uf8ff\u00fc\u00e1\u2211, Azerbaijan \uf8ff\u00fc\u00e1\u00b6\uf8ff\u00fc\u00e1\u00f8, Bolivia \uf8ff\u00fc\u00e1\u00df\uf8ff\u00fc\u00e1\u00a5, Botswana \uf8ff\u00fc\u00e1\u00df\uf8ff\u00fc\u00e1\u00ba, Brazil \uf8ff\u00fc\u00e1\u00df\uf8ff\u00fc\u00e1\u2211, Brunei Darussalam \uf8ff\u00fc\u00e1\u00df\uf8ff\u00fc\u00e1\u2265, Burkina Faso \uf8ff\u00fc\u00e1\u00df\uf8ff\u00fc\u00e1\u00b4, Chad \uf8ff\u00fc\u00e1\u03c0\uf8ff\u00fc\u00e1\u00a9, Chile \uf8ff\u00fc\u00e1\u00ae\uf8ff\u00fc\u00e1\u00b1, Colombia \uf8ff\u00fc\u00e1\u00ae\uf8ff\u00fc\u00e1\u00a5, Congo \uf8ff\u00fc\u00e1\u00ae\uf8ff\u00fc\u00e1\u00a8, Congo- the Democratic Republic of the \uf8ff\u00fc\u00e1\u00ae\uf8ff\u00fc\u00e1\u00a9, Costa Rica \uf8ff\u00fc\u00e1\u00ae\uf8ff\u00fc\u00e1\u2211, Cote d&#8217;Ivoire \uf8ff\u00fc\u00e1\u00ae\uf8ff\u00fc\u00e1\u00c6, Ecuador \uf8ff\u00fc\u00e1\u2122\uf8ff\u00fc\u00e1\u00ae, Egypt \uf8ff\u00fc\u00e1\u2122\uf8ff\u00fc\u00e1\u00a8, El Salvador \uf8ff\u00fc\u00e1\u220f\uf8ff\u00fc\u00e1\u00aa, French West Indies \uf8ff\u00fc\u00e1\u00b4\uf8ff\u00fc\u00e1\u2211, Gabon \uf8ff\u00fc\u00e1\u00a8\uf8ff\u00fc\u00e1\u00b6, Georgia \uf8ff\u00fc\u00e1\u00a8\uf8ff\u00fc\u00e1\u2122, Ghana \uf8ff\u00fc\u00e1\u00a8\uf8ff\u00fc\u00e1\u2260, Greenland \uf8ff\u00fc\u00e1\u00a8\uf8ff\u00fc\u00e1\u00b1, Guatemala \uf8ff\u00fc\u00e1\u00a8\uf8ff\u00fc\u00e1\u03c0, Guinea-Bissau \uf8ff\u00fc\u00e1\u00a8\uf8ff\u00fc\u00e1\u00ba, Honduras \uf8ff\u00fc\u00e1\u2260\uf8ff\u00fc\u00e1\u2265, Kenya \uf8ff\u00fc\u00e1\u221e\uf8ff\u00fc\u00e1\u2122, Kosovo \uf8ff\u00fc\u00e1\u03a9\uf8ff\u00fc\u00e1\u221e, Liberia \uf8ff\u00fc\u00e1\u00b1\uf8ff\u00fc\u00e1\u2211, Mali \uf8ff\u00fc\u00e1\u2264\uf8ff\u00fc\u00e1\u00b1, Moldova \uf8ff\u00fc\u00e1\u2264\uf8ff\u00fc\u00e1\u00a9, Monaco \uf8ff\u00fc\u00e1\u2264\uf8ff\u00fc\u00e1\u00ae, Montenegro \uf8ff\u00fc\u00e1\u2264\uf8ff\u00fc\u00e1\u2122, Morocco \uf8ff\u00fc\u00e1\u2264\uf8ff\u00fc\u00e1\u00b6, Nicaragua \uf8ff\u00fc\u00e1\u2265\uf8ff\u00fc\u00e1\u00c6, Niger \uf8ff\u00fc\u00e1\u2265\uf8ff\u00fc\u00e1\u2122, Nigeria \uf8ff\u00fc\u00e1\u2265\uf8ff\u00fc\u00e1\u00a8, Panama \uf8ff\u00fc\u00e1\u00b5\uf8ff\u00fc\u00e1\u00b6, Paraguay \uf8ff\u00fc\u00e1\u00b5\uf8ff\u00fc\u00e1\u00e6, Peru \uf8ff\u00fc\u00e1\u00b5\uf8ff\u00fc\u00e1\u2122, Philippines \uf8ff\u00fc\u00e1\u00b5\uf8ff\u00fc\u00e1\u2260, Puerto Rico \uf8ff\u00fc\u00e1\u00b5\uf8ff\u00fc\u00e1\u2211, Samoa \uf8ff\u00fc\u00e1\u00ba\uf8ff\u00fc\u00e1\u220f, Senegal \uf8ff\u00fc\u00e1\u220f\uf8ff\u00fc\u00e1\u2265, Seychelles \uf8ff\u00fc\u00e1\u220f\uf8ff\u00fc\u00e1\u00ae, South Africa \uf8ff\u00fc\u00e1\u00f8\uf8ff\u00fc\u00e1\u00b6, Sudan \uf8ff\u00fc\u00e1\u220f\uf8ff\u00fc\u00e1\u00a9, Swaziland \uf8ff\u00fc\u00e1\u220f\uf8ff\u00fc\u00e1\u00f8, Tanzania \uf8ff\u00fc\u00e1\u03c0\uf8ff\u00fc\u00e1\u00f8, Tunisia \uf8ff\u00fc\u00e1\u03c0\uf8ff\u00fc\u00e1\u2265, Uganda \uf8ff\u00fc\u00e1\u222b\uf8ff\u00fc\u00e1\u00a8, Uruguay \uf8ff\u00fc\u00e1\u222b\uf8ff\u00fc\u00e1\u00e6, Vanuatu \uf8ff\u00fc\u00e1\u00aa\uf8ff\u00fc\u00e1\u222b, Yemen \uf8ff\u00fc\u00e1\u00e6\uf8ff\u00fc\u00e1\u2122, Zambia \uf8ff\u00fc\u00e1\u00f8\uf8ff\u00fc\u00e1\u2264, Albania \uf8ff\u00fc\u00e1\u00b6\uf8ff\u00fc\u00e1\u00b1, Bahrain \uf8ff\u00fc\u00e1\u00df\uf8ff\u00fc\u00e1\u2260, Belarus \uf8ff\u00fc\u00e1\u00df\uf8ff\u00fc\u00e1\u00e6, Bosnia and Herzegovina \uf8ff\u00fc\u00e1\u00df\uf8ff\u00fc\u00e1\u00b6, India \uf8ff\u00fc\u00e1\u00c6\uf8ff\u00fc\u00e1\u2265, Japan \uf8ff\u00fc\u00e1\u00d8\uf8ff\u00fc\u00e1\u00b5, Algeria \uf8ff\u00fc\u00e1\u00a9\uf8ff\u00fc\u00e1\u00f8, Cambodia \uf8ff\u00fc\u00e1\u221e\uf8ff\u00fc\u00e1\u2260, Cameroon \uf8ff\u00fc\u00e1\u00ae\uf8ff\u00fc\u00e1\u2264, Kiribati \uf8ff\u00fc\u00e1\u221e\uf8ff\u00fc\u00e1\u00c6, Myanmar \uf8ff\u00fc\u00e1\u2264\uf8ff\u00fc\u00e1\u2264.<\/span><\/p>\n","protected":false},"excerpt":{"rendered":"<ul>\n<li>eSIM z internetem mobilnym<\/li>\n<li>Dzia\u0142a na wszystkich odblokowanych urz\u0105dzeniach obs\u0142uguj\u0105cych eSIM.<\/li>\n<li>eSIM jest wysy\u0142any natychmiast po op\u0142aceniu zam\u00f3wienia. Kod QR wysy\u0142amy na podany e-mail.<\/li>\n<li>Mo\u017cesz udost\u0119pnia\u0107 hotspot innym urz\u0105dzeniom<\/li>\n<li>Szybki internet, brak ogranicze\u0144 pr\u0119dko\u015bci internetowej, karty z wysokim priorytetem na BTS&#8217;ach.<\/li>\n<\/ul>\n","protected":false},"featured_media":1175,"template":"","meta":[],"product_brand":[],"product_cat":[22],"product_tag":[74],"class_list":{"0":"post-2224","1":"product","2":"type-product","3":"status-publish","4":"has-post-thumbnail","6":"product_cat-regional","7":"product_tag-global","9":"first","10":"outofstock","11":"sold-individually","12":"shipping-taxable","13":"product-type-variable"},"_links":{"self":[{"href":"https:\/\/kartyesim.pl\/index.php?rest_route=\/wp\/v2\/product\/2224","targetHints":{"allow":["GET"]}}],"collection":[{"href":"https:\/\/kartyesim.pl\/index.php?rest_route=\/wp\/v2\/product"}],"about":[{"href":"https:\/\/kartyesim.pl\/index.php?rest_route=\/wp\/v2\/types\/product"}],"wp:featuredmedia":[{"embeddable":true,"href":"https:\/\/kartyesim.pl\/index.php?rest_route=\/wp\/v2\/media\/1175"}],"wp:attachment":[{"href":"https:\/\/kartyesim.pl\/index.php?rest_route=%2Fwp%2Fv2%2Fmedia&parent=2224"}],"wp:term":[{"taxonomy":"product_brand","embeddable":true,"href":"https:\/\/kartyesim.pl\/index.php?rest_route=%2Fwp%2Fv2%2Fproduct_brand&post=2224"},{"taxonomy":"product_cat","embeddable":true,"href":"https:\/\/kartyesim.pl\/index.php?rest_route=%2Fwp%2Fv2%2Fproduct_cat&post=2224"},{"taxonomy":"product_tag","embeddable":true,"href":"https:\/\/kartyesim.pl\/index.php?rest_route=%2Fwp%2Fv2%2Fproduct_tag&post=2224"}],"curies":[{"name":"wp","href":"https:\/\/api.w.org\/{rel}","templated":true}]}}