{"id":2343,"date":"2024-06-24T15:15:17","date_gmt":"2024-06-24T14:15:17","guid":{"rendered":"https:\/\/kartyesim.pl\/?post_type=product&#038;p=2343"},"modified":"2024-06-27T21:46:41","modified_gmt":"2024-06-27T20:46:41","slug":"azja-i-pacyfik-6-gb-8-dni","status":"publish","type":"product","link":"https:\/\/kartyesim.pl\/?product=azja-i-pacyfik-6-gb-8-dni","title":{"rendered":"Azja i Pacyfik 6 GB 8 dni"},"content":{"rendered":"\n<p>Azja i Pacyfik 6GB 8 dni eSIM z pakietem internetowym, bez mo\u017cliwo\u015bci odbierania SMS-\u00f3w ani wykonywania po\u0142\u0105cze\u0144 telefonicznych. <\/p>\n\n\n\n<p>Nale\u017cy wykorzysta\u0107 eSIM w ci\u0105gu 180 dni od zakupu. <\/p>\n\n\n\n<p>Pr\u0119dko\u015b\u0107 transferu 4G \/ LTE zale\u017cy od zasi\u0119gu operatora.<\/p>\n\n\n\n<p>eSim dziala w wszystkich wyszczeg\u00f3lnionych krajach: <\/p>\n\n\n\n<p>Australia, Bahrajn, Bangladesz, Brunei Darussalam, Chiny (kontynentalne), Filipiny, Gruzja, Guam, Hongkong (Chiny), Indie, Indonezja, Izrael, Japonia, Jordania, Kambod\u017ca, Katar, Kazachstan, Korea Po\u0142udniowa, Kuwejt, Laos, Makau (Chiny), Malezja, Mongolia, Nepal, Oman, Pakistan, Singapur, Sri Lanka, Tajwan (Chiny), Uzbekistan, Wietnam<\/p>\n","protected":false},"excerpt":{"rendered":"<p>Azja i Pacyfik 6GB 8 dni eSIM z pakietem internetowym, bez mo\u017cliwo\u015bci odbierania SMS-\u00f3w ani wykonywania po\u0142\u0105cze\u0144 telefonicznych. Nale\u017cy wykorzysta\u0107 eSIM w ci\u0105gu 180 dni od zakupu. Pr\u0119dko\u015b\u0107 transferu 4G \/ LTE zale\u017cy od zasi\u0119gu operatora. eSim dziala w wszystkich wyszczeg\u00f3lnionych krajach: Australia, Bahrajn, Bangladesz, Brunei Darussalam, Chiny (kontynentalne), Filipiny, Gruzja, Guam, Hongkong (Chiny), Indie, [&hellip;]<\/p>\n","protected":false},"featured_media":2995,"template":"","meta":[],"product_brand":[],"product_cat":[15],"product_tag":[175],"class_list":{"0":"post-2343","1":"product","2":"type-product","3":"status-publish","4":"has-post-thumbnail","6":"product_cat-uncategorized","7":"product_tag-asia-30-areas","9":"first","10":"instock","11":"sale","12":"virtual","13":"sold-individually","14":"purchasable","15":"product-type-simple"},"_links":{"self":[{"href":"https:\/\/kartyesim.pl\/index.php?rest_route=\/wp\/v2\/product\/2343","targetHints":{"allow":["GET"]}}],"collection":[{"href":"https:\/\/kartyesim.pl\/index.php?rest_route=\/wp\/v2\/product"}],"about":[{"href":"https:\/\/kartyesim.pl\/index.php?rest_route=\/wp\/v2\/types\/product"}],"wp:featuredmedia":[{"embeddable":true,"href":"https:\/\/kartyesim.pl\/index.php?rest_route=\/wp\/v2\/media\/2995"}],"wp:attachment":[{"href":"https:\/\/kartyesim.pl\/index.php?rest_route=%2Fwp%2Fv2%2Fmedia&parent=2343"}],"wp:term":[{"taxonomy":"product_brand","embeddable":true,"href":"https:\/\/kartyesim.pl\/index.php?rest_route=%2Fwp%2Fv2%2Fproduct_brand&post=2343"},{"taxonomy":"product_cat","embeddable":true,"href":"https:\/\/kartyesim.pl\/index.php?rest_route=%2Fwp%2Fv2%2Fproduct_cat&post=2343"},{"taxonomy":"product_tag","embeddable":true,"href":"https:\/\/kartyesim.pl\/index.php?rest_route=%2Fwp%2Fv2%2Fproduct_tag&post=2343"}],"curies":[{"name":"wp","href":"https:\/\/api.w.org\/{rel}","templated":true}]}}